{"id":2935,"date":"2021-05-01T17:39:53","date_gmt":"2021-05-01T17:39:53","guid":{"rendered":"https:\/\/itpm-laayoune.ac.ma\/?page_id=2935"},"modified":"2021-05-01T18:41:57","modified_gmt":"2021-05-01T18:41:57","slug":"2935-2","status":"publish","type":"page","link":"https:\/\/itpm-laayoune.ac.ma\/?page_id=2935","title":{"rendered":"H\u00e9bergent"},"content":{"rendered":"<p>[vc_row][vc_column width=&#8221;1\/2&#8243;][vc_single_image image=&#8221;2617&#8243; img_size=&#8221;450&#215;200&#8243; alignment=&#8221;center&#8221; style=&#8221;vc_box_shadow_3d&#8221;][\/vc_column][vc_column width=&#8221;1\/2&#8243;]<div class=\"rt-vc-text-title  style1\" style=\"\">\n\t\t\t<h2 class=\"rtin-title\">H\u00e9bergement<\/h2>\n\t\t\t\t<p class=\"rtin-content\"><\/p>\n<div>L\u2019activit\u00e9 d\u2019h\u00e9bergement et de restauration des \u00e9l\u00e8ves de l\u2019ITPM a d\u00e9marr\u00e9 depuis que l\u2019\u00e9tablissement a ouvert ses portes. La r\u00e9sidence est con\u00e7ue pour assurer ses prestations dans de tr\u00e8s bonnes conditions et dans un cadre agr\u00e9able, convivial et accueillant afin de pouvoir offrir \u00e0 ses \u00e9tudiants, stagiaires et invit\u00e9s un service dans les r\u00e8gles de l\u2019art et de premi\u00e8re qualit\u00e9.<\/div>\n<p><\/p>\n\t\t<\/div>[\/vc_column][\/vc_row]<\/p>\n","protected":false},"excerpt":{"rendered":"<p>[vc_row][vc_column width=&#8221;1\/2&#8243;][vc_single_image image=&#8221;2617&#8243; img_size=&#8221;450&#215;200&#8243; alignment=&#8221;center&#8221; style=&#8221;vc_box_shadow_3d&#8221;][\/vc_column][vc_column width=&#8221;1\/2&#8243;][\/vc_column][\/vc_row]<\/p>\n","protected":false},"author":18,"featured_media":0,"parent":0,"menu_order":0,"comment_status":"closed","ping_status":"closed","template":"","meta":{"footnotes":""},"class_list":["post-2935","page","type-page","status-publish","hentry"],"_links":{"self":[{"href":"https:\/\/itpm-laayoune.ac.ma\/index.php?rest_route=\/wp\/v2\/pages\/2935","targetHints":{"allow":["GET"]}}],"collection":[{"href":"https:\/\/itpm-laayoune.ac.ma\/index.php?rest_route=\/wp\/v2\/pages"}],"about":[{"href":"https:\/\/itpm-laayoune.ac.ma\/index.php?rest_route=\/wp\/v2\/types\/page"}],"author":[{"embeddable":true,"href":"https:\/\/itpm-laayoune.ac.ma\/index.php?rest_route=\/wp\/v2\/users\/18"}],"replies":[{"embeddable":true,"href":"https:\/\/itpm-laayoune.ac.ma\/index.php?rest_route=%2Fwp%2Fv2%2Fcomments&post=2935"}],"version-history":[{"count":18,"href":"https:\/\/itpm-laayoune.ac.ma\/index.php?rest_route=\/wp\/v2\/pages\/2935\/revisions"}],"predecessor-version":[{"id":2956,"href":"https:\/\/itpm-laayoune.ac.ma\/index.php?rest_route=\/wp\/v2\/pages\/2935\/revisions\/2956"}],"wp:attachment":[{"href":"https:\/\/itpm-laayoune.ac.ma\/index.php?rest_route=%2Fwp%2Fv2%2Fmedia&parent=2935"}],"curies":[{"name":"wp","href":"https:\/\/api.w.org\/{rel}","templated":true}]}}