{"id":2601,"date":"2021-04-28T13:57:02","date_gmt":"2021-04-28T13:57:02","guid":{"rendered":"https:\/\/itpm-laayoune.ac.ma\/?page_id=2601"},"modified":"2023-04-15T00:54:52","modified_gmt":"2023-04-15T00:54:52","slug":"itpm-laayoune","status":"publish","type":"page","link":"https:\/\/itpm-laayoune.ac.ma\/?page_id=2601","title":{"rendered":"ITPM LAAYOUNE"},"content":{"rendered":"<p>[vc_row equal_height=&#8221;yes&#8221; content_placement=&#8221;middle&#8221;][vc_column css_animation=&#8221;slideInLeft&#8221; width=&#8221;1\/2&#8243;]<div class=\"rt-vc-text-title  style1\" style=\"\">\n\t\t\t<h2 class=\"rtin-title\">Institut de Technologie des P\u00eaches Maritimes (ITPM) de La\u00e2youne<\/h2>\n\t\t\t\t<p class=\"rtin-content\">Cr\u00e9\u00e9 en 1984 \u00e0 La\u00e2youne ville, et transf\u00e9r\u00e9 en 2001 \u00e0 La\u00e2youne Port, la nouvel Institut de Technologie des P\u00eaches Maritimes (ITPM) de La\u00e2youne s&#8217;inscrit dans le cadre du d\u00e9veloppement des activit\u00e9s de p\u00eache dans les Provinces du Sud du Royaume, en vue de r\u00e9pondre aux besoins d&#8217;emploi et d&#8217;encadrement de la flotte de p\u00eache maritime.<\/p>\n\t\t<\/div>[\/vc_column][vc_column css_animation=&#8221;slideInRight&#8221; width=&#8221;1\/2&#8243;][vc_single_image image=&#8221;2621&#8243; img_size=&#8221;600&#215;400&#8243; alignment=&#8221;center&#8221; style=&#8221;vc_box_shadow_3d&#8221;][\/vc_column][\/vc_row][vc_row equal_height=&#8221;yes&#8221; content_placement=&#8221;middle&#8221;][vc_column css_animation=&#8221;slideInLeft&#8221; width=&#8221;1\/2&#8243;][vc_single_image image=&#8221;2636&#8243; img_size=&#8221;600&#215;400&#8243; alignment=&#8221;center&#8221; style=&#8221;vc_box_shadow_3d&#8221;][\/vc_column][vc_column css_animation=&#8221;slideInRight&#8221; width=&#8221;1\/2&#8243;]<div class=\"rt-vc-text-title  style2\" style=\"\">\n\t\t\t<h2 class=\"rtin-title\">Missions<\/h2>\n\t\t\t\t<p class=\"rtin-content\">L\u2019ITPM a pour mission la contribution au d\u00e9veloppement du pays par la formation, la recherche et l\u2019expertise.<br \/>\nIl assure la formation des techniciens destin\u00e9s aux diff\u00e9rentes branches de l\u2019activit\u00e9 des p\u00eaches maritimes.<br \/>\nDonner la possibilit\u00e9 aux marins en activit\u00e9 de se perfectionner et de participer \u00e0 des sessions de formation continue ;<br \/>\nVeiller \u00e0 la mise en \u0153uvre d\u2019actions de proximit\u00e9, par le biais de la vulgarisation, afin de contribuer \u00e0 l\u2019am\u00e9lioration des conditions de vie et de travail des populations de p\u00eacheurs dans les sites de p\u00eache \u00e9loign\u00e9s, en milieu rural .<br \/>\nMettre en place des cours d\u2019alphab\u00e9tisation au profit des p\u00eacheurs en vue de leur permettre d\u2019acc\u00e9der \u00e0 des niveaux de sp\u00e9cialisation et de qualification.<\/p>\n\t\t<\/div>[\/vc_column][\/vc_row][vc_row][vc_column css_animation=&#8221;slideInLeft&#8221; width=&#8221;1\/2&#8243;]<div class=\"rt-vc-text-title  style2\" style=\"\">\n\t\t\t<h2 class=\"rtin-title\">Nos objectifs<\/h2>\n\t\t\t\t<p class=\"rtin-content\"><\/p>\n<ul>\n<li>Assurer un syst\u00e8me de contact permanent avec les laur\u00e9ats, \u00e0 l\u2019aide de diff\u00e9rents moyens de communication : site internet, adresse \u00e9lectronique, guichet d\u2019information\u2026<\/li>\n<li>Permettre \u00e0 notre \u00e9tablissement de formation l\u2019acc\u00e8s aux int\u00e9gr\u00e9s qui permettent d\u2019avoir toutes les informations sur les stagiaires aux milieu de travail.<\/li>\n<li>Faires participer les professionnels, pour exprimer leurs besoins en formation et encourager les laur\u00e9ats des \u00e9tablissements de formation maritimes.<\/li>\n<\/ul>\n<p><\/p>\n\t\t<\/div>[\/vc_column][vc_column css_animation=&#8221;slideInRight&#8221; width=&#8221;1\/2&#8243;][vc_single_image image=&#8221;2803&#8243; img_size=&#8221;600&#215;400&#8243; alignment=&#8221;center&#8221; style=&#8221;vc_box_shadow_3d&#8221;][\/vc_column][\/vc_row][vc_row gap=&#8221;10&#8243; full_height=&#8221;yes&#8221; equal_height=&#8221;yes&#8221; content_placement=&#8221;middle&#8221; css_animation=&#8221;slideInUp&#8221;][vc_column]<div class=\"rt-vc-text-title  style2\" style=\"\">\n\t\t\t<h2 class=\"rtin-title\">Modes de formation<\/h2>\n\t\t\t\t<p class=\"rtin-content\"><\/p>\n<h4><strong>ITPM LAAYOUNE\u00a0<\/strong>assure des modes de formation\u00a0diversifi\u00e9s\u00a0et adapt\u00e9s au milieu professionnel de la\u00a0r\u00e9gion.<\/h4>\n<p><\/p>\n\t\t<\/div>[vc_separator style=&#8221;shadow&#8221; border_width=&#8221;5&#8243;][vc_row_inner equal_height=&#8221;yes&#8221;][vc_column_inner width=&#8221;1\/2&#8243;][vc_single_image image=&#8221;2598&#8243; img_size=&#8221;600&#215;360&#8243; alignment=&#8221;center&#8221; style=&#8221;vc_box_shadow_3d&#8221;][\/vc_column_inner][vc_column_inner width=&#8221;1\/2&#8243;]<div class=\" hvr-float-shadow\">\n\t<div class=\"rt-pricing-box2\" style=\"\">\n\t\t<div class=\"rtin-title\">Formation en R\u00e9sidentielle<\/div>\n\t\t<div class=\"rtin-price\"><\/span><\/div>\n\t\t<ul>\n\t\t\t\t\t\t\t<li>Ce mode est pr\u00e9par\u00e9 en formation r\u00e9sidentielle, sur une dur\u00e9e de 2 ann\u00e9es, pour l&#039;obtention du Dipl\u00f4me de Patron de P\u00eache ou du Dipl\u00f4me d\u2019Officier M\u00e9canicien 3\u00e8me Classe<\/li>\n\t\t\t\t\t<\/ul>\n\t\t\t<\/div>\n<\/div>[\/vc_column_inner][\/vc_row_inner][vc_separator style=&#8221;shadow&#8221; border_width=&#8221;5&#8243;][vc_row_inner][vc_column_inner width=&#8221;1\/2&#8243;]<div class=\" hvr-float-shadow\">\n\t<div class=\"rt-pricing-box2\" style=\"\">\n\t\t<div class=\"rtin-title\">Formation Par Apprentissage<\/div>\n\t\t<div class=\"rtin-price\"><\/span><\/div>\n\t\t<ul>\n\t\t\t\t\t\t\t<li>La formation par apprentissage s\u2019adresse surtout aux professionnels de la p\u00eache maritime pour la pr\u00e9paration des dipl\u00f4mes de niveau sp\u00e9cialisation et qualification.<\/li>\n\t\t\t\t\t<\/ul>\n\t\t\t<\/div>\n<\/div>[\/vc_column_inner][vc_column_inner width=&#8221;1\/2&#8243;][vc_single_image image=&#8221;2802&#8243; img_size=&#8221;600&#215;360&#8243; alignment=&#8221;center&#8221; style=&#8221;vc_box_shadow_3d&#8221;][\/vc_column_inner][\/vc_row_inner][vc_separator style=&#8221;shadow&#8221; border_width=&#8221;5&#8243;][vc_row_inner][vc_column_inner width=&#8221;1\/2&#8243;][vc_single_image image=&#8221;3456&#8243; img_size=&#8221;600&#215;360&#8243; alignment=&#8221;center&#8221; style=&#8221;vc_box_shadow_3d&#8221;][\/vc_column_inner][vc_column_inner width=&#8221;1\/2&#8243;]<div class=\" hvr-float-shadow\">\n\t<div class=\"rt-pricing-box2\" style=\"\">\n\t\t<div class=\"rtin-title\">Alphab\u00e9tisation Fonctionnelle<\/div>\n\t\t<div class=\"rtin-price\"><\/span><\/div>\n\t\t<ul>\n\t\t\t\t\t\t\t<li>Les cours d&#039;alphab\u00e9tisation fonctionnelle viennent compl\u00e9ter l&#039;assistance port\u00e9e aux marins peu ou non scolaris\u00e9s, pour leur permettre d&#039;acc\u00e9der \u00e0 des qualifications et par cons\u00e9quent contribuer \u00e0 leur promotion socio- professionnelle<\/li>\n\t\t\t\t\t<\/ul>\n\t\t\t<\/div>\n<\/div>[\/vc_column_inner][\/vc_row_inner][\/vc_column][\/vc_row]<\/p>\n","protected":false},"excerpt":{"rendered":"<p>[vc_row equal_height=&#8221;yes&#8221; content_placement=&#8221;middle&#8221;][vc_column css_animation=&#8221;slideInLeft&#8221; width=&#8221;1\/2&#8243;][\/vc_column][vc_column css_animation=&#8221;slideInRight&#8221; width=&#8221;1\/2&#8243;][vc_single_image image=&#8221;2621&#8243; img_size=&#8221;600&#215;400&#8243; alignment=&#8221;center&#8221; style=&#8221;vc_box_shadow_3d&#8221;][\/vc_column][\/vc_row][vc_row equal_height=&#8221;yes&#8221; content_placement=&#8221;middle&#8221;][vc_column css_animation=&#8221;slideInLeft&#8221; width=&#8221;1\/2&#8243;][vc_single_image image=&#8221;2636&#8243; img_size=&#8221;600&#215;400&#8243; alignment=&#8221;center&#8221; style=&#8221;vc_box_shadow_3d&#8221;][\/vc_column][vc_column css_animation=&#8221;slideInRight&#8221; width=&#8221;1\/2&#8243;][\/vc_column][\/vc_row][vc_row][vc_column css_animation=&#8221;slideInLeft&#8221; width=&#8221;1\/2&#8243;][\/vc_column][vc_column css_animation=&#8221;slideInRight&#8221; width=&#8221;1\/2&#8243;][vc_single_image image=&#8221;2803&#8243; img_size=&#8221;600&#215;400&#8243; alignment=&#8221;center&#8221; style=&#8221;vc_box_shadow_3d&#8221;][\/vc_column][\/vc_row][vc_row gap=&#8221;10&#8243; full_height=&#8221;yes&#8221; equal_height=&#8221;yes&#8221; content_placement=&#8221;middle&#8221; css_animation=&#8221;slideInUp&#8221;][vc_column][vc_separator style=&#8221;shadow&#8221; border_width=&#8221;5&#8243;][vc_row_inner equal_height=&#8221;yes&#8221;][vc_column_inner width=&#8221;1\/2&#8243;][vc_single_image image=&#8221;2598&#8243; img_size=&#8221;600&#215;360&#8243; alignment=&#8221;center&#8221; style=&#8221;vc_box_shadow_3d&#8221;][\/vc_column_inner][vc_column_inner width=&#8221;1\/2&#8243;][\/vc_column_inner][\/vc_row_inner][vc_separator style=&#8221;shadow&#8221; border_width=&#8221;5&#8243;][vc_row_inner][vc_column_inner width=&#8221;1\/2&#8243;][\/vc_column_inner][vc_column_inner width=&#8221;1\/2&#8243;][vc_single_image image=&#8221;2802&#8243; img_size=&#8221;600&#215;360&#8243; alignment=&#8221;center&#8221; style=&#8221;vc_box_shadow_3d&#8221;][\/vc_column_inner][\/vc_row_inner][vc_separator style=&#8221;shadow&#8221; border_width=&#8221;5&#8243;][vc_row_inner][vc_column_inner width=&#8221;1\/2&#8243;][vc_single_image image=&#8221;3456&#8243; [&hellip;]<\/p>\n","protected":false},"author":18,"featured_media":0,"parent":0,"menu_order":0,"comment_status":"closed","ping_status":"closed","template":"","meta":{"footnotes":""},"class_list":["post-2601","page","type-page","status-publish","hentry"],"_links":{"self":[{"href":"https:\/\/itpm-laayoune.ac.ma\/index.php?rest_route=\/wp\/v2\/pages\/2601","targetHints":{"allow":["GET"]}}],"collection":[{"href":"https:\/\/itpm-laayoune.ac.ma\/index.php?rest_route=\/wp\/v2\/pages"}],"about":[{"href":"https:\/\/itpm-laayoune.ac.ma\/index.php?rest_route=\/wp\/v2\/types\/page"}],"author":[{"embeddable":true,"href":"https:\/\/itpm-laayoune.ac.ma\/index.php?rest_route=\/wp\/v2\/users\/18"}],"replies":[{"embeddable":true,"href":"https:\/\/itpm-laayoune.ac.ma\/index.php?rest_route=%2Fwp%2Fv2%2Fcomments&post=2601"}],"version-history":[{"count":121,"href":"https:\/\/itpm-laayoune.ac.ma\/index.php?rest_route=\/wp\/v2\/pages\/2601\/revisions"}],"predecessor-version":[{"id":3457,"href":"https:\/\/itpm-laayoune.ac.ma\/index.php?rest_route=\/wp\/v2\/pages\/2601\/revisions\/3457"}],"wp:attachment":[{"href":"https:\/\/itpm-laayoune.ac.ma\/index.php?rest_route=%2Fwp%2Fv2%2Fmedia&parent=2601"}],"curies":[{"name":"wp","href":"https:\/\/api.w.org\/{rel}","templated":true}]}}